d q.
10
Let c be (484/(-110))/(4/(-10)). What is the greatest common factor of 132 and c?
11
Suppose 0 = -788*p + 774*p + 588. Calculate the highest common factor of p and 6.
6
Let o = 44 - 42. Suppose 28 = 3*l - 2*n, -7*n - 22 = -o*l - 5*n. Calculate the highest common divisor of l and 30.
6
Let m be (-3201)/(-4) + 36/48 + -1. What is the greatest common divisor of m and 80?
80
Let b be (-1 - 12/4)*-14 + 0. What is the greatest common divisor of b and 70?
14
Suppose -2*v + 84 = -h, 0*v + 5*v - 210 = 4*h. Let k be 7*(3 - (-116)/28). Let o = k + -44. What is the greatest common divisor of o and v?
6
Let k(i) = -i**2 + 42*i - 36. Let s be k(41). What is the highest common divisor of 40 and s?
5
Suppose s - 4*t - 7 - 9 = 0, s + 4*t = 0. Suppose 0 = -2*f - 3*l + 137, 3*l = -5*f + 6*l + 395. Let w = -44 + f. What is the greatest common factor of s and w?
8
Let b be (-136)/10 + (-4)/10. Let t be b/(-1) - (-6)/(-3). Suppose -2*i - 38 = -3*l, -52 = -4*l + 6*i - 2*i. Calculate the highest common factor of l and t.
12
Let y(g) = 6*g**2 + 43*g - 83. Let o be y(2). What is the greatest common factor of o and 2403?
27
Let a(t) = 50*t**3 + t**2 - 4*t + 2. Let v be a(1). What is the highest common divisor of 1225 and v?
49
Suppose -5*o + 1 - 41 = 0. Let b be o/28 + (-158)/(-14). Calculate the greatest common divisor of 33 and b.
11
Let q be 10/45 + 2/(-9). Suppose -r + 5*u = -24, q = -r + 4*r - 4*u - 116. Let b = 10 - -56. What is the greatest common factor of b and r?
22
Let h(b) = 6*b - 2. Let k be h(2). Let n = -4 + k. Suppose t - q = n, -3*t - 3*q + 22 = -4*q. What is the highest common factor of t and 32?
8
Suppose -x + 9*x = 576. Suppose 6*i = -0*i + x. Let d = 24 + 6. What is the highest common divisor of i and d?
6
Let b(n) = 2*n**3 + 28*n**2 - 8*n - 18. Let z be b(-8). Calculate the greatest common divisor of z and 22.
22
Let f be (-60)/(3 - 11 - -6). Calculate the highest common divisor of f and 320.
10
Let g = 7 + -7. Let a(b) = 2*b + 8. Let d be a(g). Let j be 556/d - (-1)/(-2). Calculate the highest common divisor of 46 and j.
23
Let c be (3 + (-15)/7)/((-14)/(-392)). Calculate the highest common factor of 60 and c.
12
Let a(s) be the second derivative of -7*s**3/2 - 12*s. Let p be a(-2). Let u = -24 + p. What is the highest common factor of u and 27?
9
Let u be 8/(-12)*3/2. Let l = 19 - u. Let m be (84/(-10))/((-6)/l). Calculate the greatest common factor of m and 42.
14
Let i = 43 + -26. Let r = -12 + 2. Let u = r + i. Calculate the highest common factor of 63 and u.
7
Let a be -6 - 23/(-4) - 37160/(-32). What is the highest common factor of a and 81?
27
Suppose 7*k + 3*b + 1460 = 2*k, -5*b - 25 = 0. Let u be k/(-68)*(3 + -1 + 2). What is the highest common divisor of 153 and u?
17
Let c be (-548)/(-20) - (-12)/20. Suppose s = -s + 4, -c = -4*d - 4*s. Suppose -d*b = -13 - 97. Calculate the highest common factor of b and 33.
11
Suppose 8*r + 120 = 11*r. Suppose 9 = 3*t + 3*f, -r = -5*t + 5*f + 5. Calculate the greatest common factor of 24 and t.
6
Let l = -37 + 58. Let y be ((-2 - 0) + 3)*2. Suppose 5*d - 2*d - 4*g - 437 = 0, y*g = 5*d - 733. What is the highest common divisor of d and l?
21
Suppose -19*p = -o - 14*p + 174, 4*o = 5*p + 726. What is the greatest common factor of 69 and o?
23
Suppose 234 = 10*q - 3*q - 4*w, -5*w = 4*q - 141. Calculate the highest common factor of 4 and q.
2
Let a(x) = 2*x**3 - 2*x**2 - 2*x - 10. Let o be a(-8). Let u = o + 1752. Let l be 2/(-8) + u/24. What is the highest common factor of l and 50?
25
Let d be (-1)/3*(-10 + -2). Let f(q) = -9 + 130 + 5 + d*q - 5*q + q**2. Let s be f(0). Calculate the highest common divisor of s and 14.
14
Let o be (3 - (7 - 0)) + 117. Let q = 167 - o. Suppose 0 = h + 1 - 7. What is the greatest common divisor of q and h?
6
Let j = -985 - -1194. What is the greatest common factor of 187 and j?
11
Let g(u) = u**2 + 10*u - 13. Let x be g(-11). Let s be (-3)/(-1)*(-18)/x. What is the greatest common factor of 189 and s?
27
Suppose x - 4 + 3 = 0. Let i be x*(-42)/(-2 + -1). Calculate the highest common factor of i and 35.
7
Suppose -7*l + 3*l - 3*h = -11, 4*l - 2*h - 6 = 0. Let i(v) = 34*v - 3. Let j be i(l). Suppose 52 = 2*w - 0*w. Calculate the greatest common divisor of w and j.
13
Let l be 15/(-6)*(-340)/50. What is the highest common factor of l and 612?
17
Let p be (-84)/(-45) - (-4)/30. Suppose -y = 3*r - 118, -4*r - p*y + 174 = -4*y. Suppose -2*k - 9 = -r. What is the greatest common factor of 128 and k?
16
Suppose -5*d = -10, 7*t - 3*d + 12 = 8*t. Calculate the highest common divisor of t and 8.
2
Let i = -6 + 4. Let r = -2 + 20. Let d = r - i. Calculate the greatest common divisor of 40 and d.
20
Let a = 359 - 356. Calculate the highest common divisor of a and 16.
1
Suppose 4*a + 3*v = 559, -8 = -3*v + 7. Suppose 4*f + 0*f - a = 0. What is the greatest common factor of f and 51?
17
Let o(n) = -n**3 + 11*n**2 - 20*n + 48. Let l be o(7). Let h(g) = g**3 + 9*g**2 + 9*g - 9. Let d be h(-7). Calculate the highest common factor of d and l.
26
Let s = -112 + 133. What is the highest common factor of 84 and s?
21
Let t(v) be the first derivative of -7*v**2/2 + 16*v + 45. Let k be t(-8). Calculate the greatest common divisor of 8 and k.
8
Let q(s) = s**3 - 13*s**2 + 25*s + 59. Let w be q(10). Calculate the greatest common divisor of w and 9.
9
Suppose 66*b - 7800 = -9*b. Calculate the greatest common factor of 390 and b.
26
Let d(x) = 8*x + 24. Let s be d(6). Calculate the greatest common factor of s and 600.
24
Let m = -26 + 50. Let i(s) = 83*s**2 + 8*s - 7. Let b be i(1). Calculate the highest common divisor of m and b.
12
Suppose -3*j = -z + 13, -2*z + 19 = -0*z + j. What is the greatest common factor of 25 and z?
5
Let d be 108/3 + -12*(-2)/8. Calculate the highest common divisor of 117 and d.
39
Suppose 2*p - 1 = 2*s - 15, 0 = -4*s + 3*p + 26. Suppose 2*u - s - 67 = 0. Calculate the greatest common factor of u and 27.
9
Let u = -719 - -811. Calculate the greatest common factor of u and 230.
46
Let q be 132/18 + (-4)/3. Suppose q*k = 5*k. Suppose -3*r + 180 = 2*v - v, k = 3*v - 2*r - 507. Calculate the greatest common factor of 19 and v.
19
Let d(r) = -r**2 + 4 - 4 - 4*r + 0*r + r**3 + 3. Let b be d(3). Suppose -b = -4*w + 23. Calculate the highest common divisor of 4 and w.
4
Let v = 105 + -110. Let s be 2/v + (-94)/(-10). Calculate the greatest common divisor of s and 27.
9
Suppose d = 3 - 0. Let y be 3/(9/6) - d. Let t = 3 + y. Calculate the greatest common factor of t and 4.
2
Let w = 252 - 239. Let x be (-10 - -4)*26/(-3). Calculate the greatest common factor of w and x.
13
Let c be (76/(-20) - -5)*85. What is the highest common factor of 34 and c?
34
Let l be (-92)/(-161) + 4945/7. What is the greatest common factor of 101 and l?
101
Let c(q) = 7*q**2 - 2*q + 65. Let j be c(0). What is the highest common factor of j and 104?
13
Let c = 2972 - 2327. What is the highest common divisor of 75 and c?
15
Let k(i) = -i**2 - 6*i - 2. Suppose 4*p = -0*p - 16. Let c be k(p). Suppose -5*t = -c - 4. What is the highest common divisor of t and 3?
1
Let m = 102 - 66. Calculate the greatest common divisor of m and 63.
9
Let h(t) = -4*t. Let l(a) = -12*a - 3. Let b be l(0). Let y be h(b). Calculate the greatest common divisor of 204 and y.
12
Suppose 0 = 3*c - 6*c - 2*i + 128, 0 = -i + 4. Let r be -1*(-4)/4 - -7. What is the highest common divisor of c and r?
8
Let g = -7 + 3. Let y be 914/7 + g/7. What is the highest common divisor of y and 13?
13
Suppose 0 = -3*b - 5 + 26. Let a be (117/(-78))/((-2)/84). What is the greatest common divisor of a and b?
7
Let o(i) = 7*i**2 - 5*i - 8. Let u be o(-3). Suppose -280 = -5*x - u. Calculate the greatest common divisor of x and 14.
14
Let x = 152 + -8. Let f = x - 120. Calculate the highest common divisor of 64 and f.
8
Suppose 5*x - 21*b = -22*b + 33, -3*x + 12 = -2*b. Let w = -72 + 138. What is the highest common factor of w and x?
6
Suppose 2*i - 250 = -5*v, -3*i + 366 = 11*v - 8*v. Let u be 31/2 + (-1)/2. What is the highest common divisor of i and u?
15
Let q(g) = -g**3 - 6*g**2 + 5*g - 16. Let d be q(-7). Let y be 220 + (4 - 2)*d. What is the greatest common divisor of y and 24?
24
Let v(q) = -6*q**2 + 133*q - 8. Let o be v(22). Let h(m